 is divided by 27?
26
Suppose -g + 5*z + 25 = 6, g = -2*z - 2. Let l = 23 - 9. Let a = 16 - l. Calculate the remainder when g is divided by a.
0
Suppose 0 = 2*q - 10, 3*w + 20 - 8 = -3*q. What is the remainder when 9*w/12*-4 is divided by 15?
12
Calculate the remainder when 97 is divided by (-6)/(-10) + (-732)/(-30).
22
Let d = 8 - 13. Let i(m) = m**2 + 9*m - 6. Let n be i(-6). Let q = d - n. What is the remainder when q is divided by 7?
5
Suppose 4*s + 57 = k, -5*k - 2*s + 79 = -96. What is the remainder when k is divided by (3*(-20)/6)/(-1)?
7
Let i be 10/(-3 - 6/(-3)). Calculate the remainder when (8/i)/(14/(-665)) is divided by 10.
8
Suppose 3*w - 89 - 97 = 0. Suppose -24 = -2*z - 4*j, -z + j + 8 + 16 = 0. Calculate the remainder when -3 + w - (-2)/(-2) is divided by z.
18
Suppose 10 = l - 3*k, 0 = l - 2*k + 5*k - 34. What is the remainder when 85 is divided by l?
19
Let y(d) = -9*d - 18. Calculate the remainder when y(-12) is divided by 31.
28
Suppose 2*d + 22 + 2 = 0. Let z = -1 - d. What is the remainder when 54 is divided by z?
10
Let r(w) = w**3 - 5*w**2 + 10*w - 5. What is the remainder when 69 is divided by r(4)?
12
Suppose 3*w - 11 - 1 = 0. Suppose -121 = -w*t + 3*x, -3*t + 0*t + 78 = 2*x. Suppose 47 - 17 = 2*l. Calculate the remainder when t is divided by l.
13
Let z = -19 - -31. Calculate the remainder when 34 is divided by z.
10
Let r = 0 - -16. What is the remainder when 17/((-136)/16)*(-31)/2 is divided by r?
15
Let q be -2 - (-3)/(6/(-22)). Let y = q - -35. Let b = y + -5. Calculate the remainder when b is divided by 10.
7
Let n(a) = a + 9. Let t be n(-7). Let m = t + 1. Let s = 7 - m. Calculate the remainder when 11 is divided by s.
3
Suppose 0 = -3*q + q - 260. Let u = -93 - q. Calculate the remainder when u is divided by 36/3 + 4/4.
11
Let m(u) = -12*u**2 + 3*u**3 - 2*u**3 + 15 - 6 + 2*u. Calculate the remainder when m(12) is divided by 9.
6
Let z(s) = s**2 - 8*s - 14. Calculate the remainder when z(10) is divided by 2.
0
Suppose 5*a = 2*l + 16, 2*a - 3*l = 19 - 6. Suppose 2 = -3*t + 5. What is the remainder when 8/(2/t) + -1 is divided by a?
1
Let h(s) = -s**3 - 6*s**2 + s + 7. Let p be h(-6). Suppose w - 2 + p = 0. Let f(m) = 6*m - 1. What is the remainder when f(w) is divided by 3?
2
Suppose -z = -3*v - 24, 0 = 4*z - 7*z - 5*v + 58. Calculate the remainder when 39 is divided by z.
18
Let n(z) = -4*z**3 + z**2 - 1. Let j be (-15)/21 - (-4)/(-14). Calculate the remainder when n(j) is divided by 2.
0
Calculate the remainder when (-11)/(-3) - 3 - (-680)/6 is divided by 23.
22
Let k(y) = 2*y**3 - 6*y**2 + 3*y - 4. Suppose -3*f + 9 = -3. Calculate the remainder when k(f) is divided by 14.
12
Suppose -2*g = 3*w - 14, 0*g + 4*w = 2*g. Let d(r) = -r - 4. Let z be d(-13). Suppose 7*c = 6*c + z. Calculate the remainder when c is divided by g.
1
Let s(j) = 5*j**2. Suppose 3*y - y + 5*l = 2, -5*y + 4*l = -5. Calculate the remainder when 27 is divided by s(y).
2
Let b(z) = -z**2 + 40. Suppose -2*t = -4*c + 2*t + 40, 2*t = -4*c + 64. Calculate the remainder when b(0) is divided by c.
12
Suppose -v - 5*q + 39 = 12, 15 = 5*v - 5*q. Calculate the remainder when 27 is divided by v.
6
Let s(c) = -3*c - 3. What is the remainder when 26 is divided by s(-6)?
11
Suppose g + 2*g - 60 = 0. What is the remainder when 38 is divided by g?
18
Suppose -10*x = -163 - 67. What is the remainder when 64 is divided by x?
18
Let c be 0/((-3)/(9/(-6))). Let j = 4 + c. Suppose -2*o - 20 = -4*o. What is the remainder when o is divided by j?
2
What is the remainder when 175 is divided by -14*(-27)/24 - 5/(-20)?
15
Let q = 84 + -77. Calculate the remainder when 19 is divided by q.
5
Suppose -5*r - 5*x + 53 = -3*r, 0 = -r - 3*x + 29. Calculate the remainder when 55 is divided by r.
13
Let d(y) = -y**2 + 7*y - 5. Let r be d(5). Suppose 34 = r*n - 51. What is the remainder when n is divided by 10?
7
Let y(w) = -w + 1. Let b be y(5). What is the remainder when (-1)/(b/(-3))*-24 is divided by 10?
8
Suppose z - 4*z - 2*i - 8 = 0, -i + 1 = -z. Let g be (-23)/(-3) + (-3)/(-9). Calculate the remainder when 22 is divided by z/(-2) + (g - 1).
6
Suppose z - 5 = 0, -w = 2*z - 32 - 16. Let v = w + -21. What is the remainder when v is divided by 9?
8
Suppose -5 - 4 = 3*s, -y + 2 = 4*s. Suppose p = -2 - 1, 320 = 5*v + 5*p. Calculate the remainder when v is divided by y.
11
Let r = -16 + 19. Let h(l) = -l + 1. Let n be h(0). What is the remainder when 5 is divided by (1 + 0)/(n/r)?
2
Suppose 0 = 2*y + a - 24, 5*a + 7 = -3. Suppose 5*c - 3*c - 24 = -3*m, -16 = -2*m + c. Calculate the remainder when y is divided by m.
5
Let v(r) = -r**3 - 2*r**2 + 3*r + 1. Suppose 0 = -3*h + 7*h + 4. Calculate the remainder when v(-5) is divided by 7/(2/(-6)*h).
19
Suppose 4*y - 2 = 14. Calculate the remainder when y is divided by 2.
0
Suppose 8*d - 3*d = 70. Let y = 44 - -10. What is the remainder when y is divided by d?
12
Suppose -2*h - 30 = -5*a, -5*a + 2*h + 10 = 4*h. Let d = a - 0. Calculate the remainder when d is divided by 3.
1
Suppose 5*y - n = 35 - 2, -4*y + 34 = 3*n. Calculate the remainder when 12 is divided by y.
5
Let m = -7 - -12. Let a(n) = n**3 - 6*n**2 + 8*n - 6. What is the remainder when 35 is divided by a(m)?
8
Suppose 5*b - 80 = -0*b. What is the remainder when 29 is divided by b?
13
Let a = -17 - -21. What is the remainder when 11 is divided by a?
3
Let m(w) = 2*w**3 - 6*w**2 + 3*w - 3. Let x be 3 - (3 + -1) - 17. Let d = 37 + x. What is the remainder when m(4) is divided by d?
20
Calculate the remainder when (-9)/(8/3 + -3) is divided by 6.
3
Suppose 2*a - x = 0, -2*a - a = -4*x. Let s be 8 - (2 - (a - 1)). Calculate the remainder when 15 is divided by (s + 1 - -3) + -1.
7
Suppose 0 = 5*f - 2*m + 18, -5*f - 8 - 18 = -4*m. Calculate the remainder when -2 - (f - (6 - 2)) is divided by 3.
1
Let y(g) = -7*g - 7. Let h(d) = 2*d**2 + 3*d + 2. What is the remainder when y(-4) is divided by h(-3)?
10
Suppose 3*r - 81 = -5*s, -4*s + 5*r = -0*r - 87. Let b(m) = 8*m**2 - 2*m + 3. Calculate the remainder when b(3) is divided by s.
15
Let u = -21 - -46. Suppose -3*d + u = 2*d. Suppose 0 = -d*z + 5*l + 270, -3*l + 98 = 3*z - z. Calculate the remainder when z is divided by 18.
16
Suppose 0*m - 24 = -m. What is the remainder when 70 is divided by m?
22
Let h be (-8)/28 - 116/(-14). Suppose 4*m + 2 + h = 5*x, 19 = -x + 5*m. Calculate the remainder when 33 is divided by x.
3
Suppose -98 = -3*d - 11. Suppose -3*b + 8*b = 15. Suppose -113 = -b*h - d. Calculate the remainder when h is divided by 15.
13
Let m = -20 + 27. What is the remainder when m is divided by 4?
3
Let d = 200 - 141. Let c(q) = q**3 - 6*q**2 + 4*q + 7. Calculate the remainder when d is divided by c(6).
28
What is the remainder when 26 is divided by 2/7 - (-468)/28?
9
Let a(m) = m**2 - 2*m + 5. Let q(u) = u**3 + 7*u**2 + 4*u - 2. Let l be q(-5). Suppose -l = -n - 3*n. What is the remainder when a(4) is divided by n?
6
Let s = 18 + 17. Suppose 0 = -3*b - 2*b + s. What is the remainder when 25 is divided by b?
4
Calculate the remainder when 0 + (300/(-18))/(1/(-3)) is divided by 26.
24
Suppose 2*r - 4 = 4. Suppose r*b - 2*g = -334, 3*g = 6*b - b + 416. Let s = -48 - b. What is the remainder when s is divided by 13?
11
Let m(h) = h**2 + 3 + h**3 - 2*h - 2*h - 3*h**2. Let q be m(3). Suppose 5*r - u = 24, 0 = -r + 5*u - q*u + 24. Calculate the remainder when 7 is divided by r.
3
Suppose k = 3, 4*j - 31 = 2*k + 79. What is the remainder when j is divided by 11 - (2 + 2/(-2))?
9
Let b(s) = -s**2 + s + 171. Let z(p) = -1. Let j(g) = -b(g) + 3*z(g). Let h be j(0). Calculate the remainder when h/(-4)*(-12)/(-9) is divided by 20.
18
Suppose 4 = -4*k + 16. Suppose 3*u - 6 = k. What is the remainder when (-60)/(-14) + (-12)/42 is divided by u?
1
Suppose -4*j + 110 = 2*l, -2*l - 2*j = 3*j - 108. Calculate the remainder when l is divided by 12.
11
Suppose 39 = 6*q + 21. What is the remainder when 10 is divided by q?
1
Suppose 5*p - 116 = 74. Suppose p = d + d. Calculate the remainder when d is divided by 5.
4
Suppose -4*q + q - 19 = -5*w, 0 = 4*q - 8. Suppose w*f = 3*f - 38. What is the remainder when 65 is divided by -3 - f - (-2)/2?
14
Suppose h - 2*h - 30 = 0. What is the remainder when ((-8)/4)/(-2) - h is divided by 8?
7
Let a(c)